e the highest common factor of 6 and b.
6
Let o(u) = u**2 + 7*u + 6. Let a be o(-6). Let t be 2/(6/33 - a). Let w(r) = -7*r - 3. Let v be w(-2). What is the highest common divisor of v and t?
11
Suppose 5*w - 4*j = w + 32, 3*w + j = 8. Suppose -2*d + w*d - 14 = 0. Calculate the highest common factor of 21 and d.
7
Let d be 3/1*80/3. Suppose f - d = -5*a, 0 = -2*f + a + 36 + 102. Let j(w) = 2*w**2 - 7*w - 1. Let s be j(5). Calculate the highest common factor of s and f.
14
Suppose -2*h + 2*f = -26, -h = f - 3*f - 10. Calculate the highest common divisor of h and 64.
16
Let s = 11 + -7. Suppose -3*n + 3*i = -n - 57, -62 = -2*n + s*i. What is the highest common divisor of 84 and n?
21
Suppose m - 14 = -0*m. Calculate the greatest common factor of m and 112.
14
Let d = -78 - -79. Calculate the greatest common divisor of 16 and d.
1
Suppose -4*u + 874 = 5*t - 2*u, 0 = -t - 5*u + 161. Suppose g = 6 - 1. Suppose w - 11 = g. What is the greatest common divisor of w and t?
16
Let b be 6*(-1)/(-2)*-39. Let g be (b/(-5))/(-1)*-5. Suppose -52 = -4*m - 0*m. Calculate the greatest common divisor of g and m.
13
Let y(n) = 2*n - 7. Let q be y(5). Suppose -69 - 21 = -3*j. Let g = j - q. What is the greatest common divisor of g and 3?
3
Let h(j) = j**3 + 5*j**2 - 7*j - 14. Let k be h(-5). Calculate the highest common divisor of 6 and k.
3
Let c(o) = 2*o**3 + 14*o**2 - 2*o + 1. Let j be c(-6). Let x be (119/(-14))/((-3)/6). What is the highest common factor of x and j?
17
Let p = 23 - -103. What is the greatest common divisor of p and 42?
42
Suppose -13*g - 320 = -1230. Calculate the greatest common divisor of 14 and g.
14
Suppose 33 = -0*i + i. Suppose -4*s = s + 2*z + 125, z - 87 = 4*s. Let t = i + s. What is the greatest common factor of t and 10?
10
Let z = -19 + 35. Suppose -3*l = r - 17, -2*l = r - l - 9. Let c(b) = -b**3 + 7*b**2 - b - 5. Let f be c(r). Calculate the highest common divisor of z and f.
8
Let i be -3 + 1 + (-18)/(-3). Suppose 4*r - 4 = -3*y + 7*y, 0 = i*r + 2*y - 10. What is the highest common divisor of r and 3?
1
Let w(k) = 3*k + 8. Let d be w(4). Let u = 2 + d. Calculate the highest common divisor of 110 and u.
22
Suppose -4 = 2*l, 0*r + 43 = 3*r - 2*l. Calculate the greatest common divisor of 26 and r.
13
Suppose -7*x = -4 - 17. What is the highest common divisor of x and 12?
3
Let u be (-2)/((-6)/9) + 1. Calculate the highest common divisor of u and 44.
4
Let d = 107 + -67. Let i be 15/((-10)/4 + 1). Let r = i - -26. What is the highest common factor of r and d?
8
Let d(w) = 66 - 66 + 72*w. Let h = 0 - -1. Let c be d(h). What is the highest common factor of c and 8?
8
Let o(k) = -k + 12. Let d be o(9). Suppose 91 = 3*f - 2*r, -4*f + 10 + 83 = d*r. Let y = 7 + -4. What is the greatest common factor of y and f?
3
Let s = 4 + -4. Let c be 1*((-9)/3 - 0). Let y be (-1)/c*s - -24. Calculate the highest common divisor of 16 and y.
8
Suppose l - 2*f = 20, 3*l - 3*f - 41 - 22 = 0. What is the highest common factor of 154 and l?
22
Suppose 2*c + 5*z - 35 = 0, -5*z = 2 + 3. Let l be -1 - (2 + -1 - c). What is the greatest common divisor of l and 18?
18
Let x be -1 + -2 + 2 + 43. Calculate the highest common factor of x and 6.
6
Let z = -466 - -674. What is the greatest common divisor of 13 and z?
13
Suppose 0 = -5*x + 1 + 39. Suppose x*u - 52 = 6*u. Calculate the greatest common divisor of u and 286.
26
Suppose 5*b + 3 = -2. Let c be -2*(-1 + 2)*b. Let i be (1/c)/((-1)/(-12)). Calculate the greatest common divisor of 9 and i.
3
Let c(w) be the second derivative of w**4/12 - w**3 + 3*w**2 + w. Let u be c(6). Calculate the greatest common factor of u and 3.
3
Let g = 15 - 11. Suppose o - 4 = 4*c - 12, -2*o - 5*c + 10 = 0. Suppose -2*q = n - 24, o*n = -g*q + n + 48. Calculate the greatest common factor of 108 and q.
12
Suppose -5*g + 793 + 197 = 0. Calculate the greatest common factor of g and 33.
33
Let y = 109 - 104. What is the greatest common divisor of 20 and y?
5
Let g be (-1)/(-5) + (-118)/(-10). Suppose 2*k = -k + g. Suppose k*x - x = 216. Calculate the highest common factor of 9 and x.
9
Suppose -3*s + 8 = -37. Let z = 26 - s. Calculate the greatest common factor of 55 and z.
11
Let r(m) = -m**3 + 6*m**2 - 4*m + 3. Let n be r(4). Suppose y = -10*y + 627. What is the highest common factor of n and y?
19
Let u(f) = 8*f**3 - 1. Let l be u(1). Suppose 6 = 4*h - 10. Suppose h*t - 56 = 3*t. Calculate the highest common divisor of t and l.
7
Let r(p) = -4*p - 1. Let h be r(-2). Let f be 2/h - (-124)/7. Let g(c) = -c. Let i be g(-9). What is the greatest common factor of i and f?
9
Let w be (-2)/(-7) - (-4)/(-14). Suppose -3*b + 0*b + 4*y - 2 = 0, w = 3*b + 2*y - 10. What is the greatest common divisor of b and 10?
2
Let h(g) = -32*g + 12. Let k be h(-4). What is the highest common divisor of 20 and k?
20
Suppose 0 = -2*u + 2*j, -3*u = u + 4*j. Let l be u/1 + (4 - 0). Suppose -l*g = -65 + 1. What is the highest common divisor of g and 176?
16
Let m = -40 - -96. Let k = -17 - -31. Calculate the greatest common factor of m and k.
14
Let b = -7 + 10. Suppose g - b*g = -16. What is the highest common factor of 32 and g?
8
Let m be 2/(-5) + (-4)/(-10). Suppose -9*j + 10*j - 20 = m. Calculate the highest common divisor of 180 and j.
20
Suppose -l = -0*l + 23. Let h = l + 35. What is the greatest common divisor of h and 36?
12
Let n be 87/(-9)*3*-1. What is the greatest common factor of n and 290?
29
Suppose 4*u + 9 - 29 = 0. Suppose 16 = 3*w + u*y, 1 + 7 = 2*w + 2*y. Let c be (w - 12/9)*9. What is the highest common divisor of c and 66?
6
Suppose -3*o = -4*a - 90 - 0, 5*a - 120 = -4*o. Calculate the highest common divisor of o and 10.
10
Suppose 13 = -i + 3. Let t = 17 + i. What is the highest common divisor of 1 and t?
1
Let v be 116/3 + (-3)/(-9). Suppose 5*i - 83 + 11 = -2*l, -i - 126 = -5*l. Calculate the highest common divisor of v and l.
13
Let q = 5 + 16. Let a = 19 + q. Calculate the highest common factor of 10 and a.
10
Suppose -3*n = p - 60, -4*n - n = p - 68. Let s(f) = 2*f + 1. Let r be s(2). Let o = r - -11. What is the highest common divisor of p and o?
16
Let o(j) = -j**2 + 3*j + 7. Let k be o(6). Let f = -1 - k. Calculate the greatest common divisor of 30 and f.
10
Suppose -s - 31 = -4*q, -q - 2*s + 5*s - 6 = 0. What is the greatest common divisor of 81 and q?
9
Let x be (-8)/(2 + (-12)/3). Suppose 0*y - 5*y - x*d = -106, 2*y + 5*d - 56 = 0. Let j = y + -1. Calculate the greatest common factor of j and 119.
17
Let a be (1 - 14/(-6))*18. What is the highest common divisor of a and 24?
12
Let h(i) = i**3 - 2*i**2. Let r be h(2). Let j = 1 - r. Calculate the greatest common divisor of 9 and j.
1
Let l be 182 - (5 - (-3)/(-1)). Calculate the greatest common factor of 20 and l.
20
Suppose 216 = -2*j + 5*j. What is the highest common divisor of j and 9?
9
Let t be (0 + 7)/((-3)/(-3)). Suppose -5*l + t = n - 2, -1 = n. Calculate the greatest common divisor of l and 18.
2
Let p(h) = -h**3 - 10*h**2 + 2. Let i be p(-10). What is the highest common divisor of i and 22?
2
Let t(n) = 2*n. Let f be t(1). Suppose 5*g = 4*w + 47, 0 = -g + 2*g + f*w - 15. Calculate the greatest common divisor of g and 88.
11
Let c(z) = 35*z**3 + z**2 - z. Let g be c(1). Suppose -8*n = -22*n + 70. Calculate the highest common divisor of g and n.
5
Let p = -25 - -34. Calculate the greatest common factor of p and 81.
9
Let l be (-3)/(-12) + (-70)/(-8). Suppose -2*c + l = -61. Calculate the greatest common factor of c and 14.
7
Let i be 16 - 1/(-2)*0. Let s = i + -8. What is the greatest common factor of 2 and s?
2
Let w be 60/(-35)*(-14)/4. Let p be -4*w/4*-2. Suppose 0 = -2*y + 5*y - p. Calculate the greatest common divisor of 20 and y.
4
Suppose 2*r + 0*r - 462 = 0. What is the highest common divisor of 21 and r?
21
Let a = -1 - -2. Calculate the greatest common divisor of a and 1.
1
Let b be (8/(-10))/((-2)/5). Let n(m) = -m**3 - 12*m**2 + 13*m + 1. Let f be n(-13). Calculate the highest common divisor of b and f.
1
Let i(f) = -26*f + 1. Suppose -3*j = 5*r - 0 - 1, 2*r - 6 = -4*j. Let n be i(r). What is the greatest common factor of 9 and n?
9
Let u be 9/12*12*2. Let m be (-16 - 2)/(2*-1). What is the greatest common factor of u and m?
9
Let s = 923 + -636. Suppose